{"id":2504,"date":"2021-12-03T17:44:27","date_gmt":"2021-12-03T17:44:27","guid":{"rendered":"https:\/\/andydegroat.org\/ccinp\/?page_id=2504"},"modified":"2025-01-28T10:41:11","modified_gmt":"2025-01-28T10:41:11","slug":"les-pieces","status":"publish","type":"page","link":"https:\/\/andydegroat.org\/ccinp\/les-pieces\/","title":{"rendered":"red notes"},"content":{"rendered":"\t\t<div data-elementor-type=\"wp-page\" data-elementor-id=\"2504\" class=\"elementor elementor-2504\">\n\t\t\t\t\t\t<section class=\"elementor-section elementor-top-section elementor-element elementor-element-b8a5a72 elementor-section-full_width elementor-section-height-default elementor-section-height-default\" data-id=\"b8a5a72\" data-element_type=\"section\" data-e-type=\"section\">\n\t\t\t\t\t\t<div class=\"elementor-container elementor-column-gap-default\">\n\t\t\t\t\t<div class=\"elementor-column elementor-col-100 elementor-top-column elementor-element elementor-element-8889ab6\" data-id=\"8889ab6\" data-element_type=\"column\" data-e-type=\"column\">\n\t\t\t<div class=\"elementor-widget-wrap elementor-element-populated\">\n\t\t\t\t\t\t<div class=\"elementor-element elementor-element-3c6b48d elementor-widget elementor-widget-heading\" data-id=\"3c6b48d\" data-element_type=\"widget\" data-e-type=\"widget\" data-widget_type=\"heading.default\">\n\t\t\t\t<div class=\"elementor-widget-container\">\n\t\t\t\t\t<h2 class=\"elementor-heading-title elementor-size-medium\">red notes<\/h2>\t\t\t\t<\/div>\n\t\t\t\t<\/div>\n\t\t\t\t\t<\/div>\n\t\t<\/div>\n\t\t\t\t\t<\/div>\n\t\t<\/section>\n\t\t\t\t<section class=\"elementor-section elementor-top-section elementor-element elementor-element-84c074e elementor-section-full_width elementor-section-stretched elementor-section-height-default elementor-section-height-default\" data-id=\"84c074e\" data-element_type=\"section\" data-e-type=\"section\" data-settings=\"{&quot;stretch_section&quot;:&quot;section-stretched&quot;}\">\n\t\t\t\t\t\t<div class=\"elementor-container elementor-column-gap-default\">\n\t\t\t\t\t<div class=\"elementor-column elementor-col-100 elementor-top-column elementor-element elementor-element-d2a1f5e\" data-id=\"d2a1f5e\" data-element_type=\"column\" data-e-type=\"column\">\n\t\t\t<div class=\"elementor-widget-wrap elementor-element-populated\">\n\t\t\t\t\t\t<section class=\"elementor-section elementor-inner-section elementor-element elementor-element-79a35f03 elementor-section-full_width elementor-section-height-default elementor-section-height-default\" data-id=\"79a35f03\" data-element_type=\"section\" data-e-type=\"section\">\n\t\t\t\t\t\t<div class=\"elementor-container elementor-column-gap-default\">\n\t\t\t\t\t<div class=\"elementor-column elementor-col-50 elementor-inner-column elementor-element elementor-element-4c0ed381\" data-id=\"4c0ed381\" data-element_type=\"column\" data-e-type=\"column\">\n\t\t\t<div class=\"elementor-widget-wrap elementor-element-populated\">\n\t\t\t\t\t\t<div class=\"elementor-element elementor-element-2817411c elementor-widget elementor-widget-image\" data-id=\"2817411c\" data-element_type=\"widget\" data-e-type=\"widget\" data-widget_type=\"image.default\">\n\t\t\t\t<div class=\"elementor-widget-container\">\n\t\t\t\t\t\t\t\t\t\t\t\t<figure class=\"wp-caption\">\n\t\t\t\t\t\t\t\t\t\t<img decoding=\"async\" src=\"https:\/\/andydegroat.org\/ccinp\/wp-content\/uploads\/elementor\/thumbs\/Red-Notes-_-Andy-de-Groat-ph69yw9thjae3ddf5sh6525i4vwqig98fd57i02f4g.jpg\" title=\"Red Notes _ Andy de Groat\" alt=\"Red Notes _ Andy de Groat\" loading=\"lazy\" \/>\t\t\t\t\t\t\t\t\t\t\t<figcaption class=\"widget-image-caption wp-caption-text\">\u00a9 fran\u00e7ois lefebvre - remix ccinp<\/figcaption>\n\t\t\t\t\t\t\t\t\t\t<\/figure>\n\t\t\t\t\t\t\t\t\t<\/div>\n\t\t\t\t<\/div>\n\t\t\t\t\t<\/div>\n\t\t<\/div>\n\t\t\t\t<div class=\"elementor-column elementor-col-50 elementor-inner-column elementor-element elementor-element-67255e85\" data-id=\"67255e85\" data-element_type=\"column\" data-e-type=\"column\">\n\t\t\t<div class=\"elementor-widget-wrap elementor-element-populated\">\n\t\t\t\t\t\t<div class=\"elementor-element elementor-element-728a7539 elementor-widget elementor-widget-text-editor\" data-id=\"728a7539\" data-element_type=\"widget\" data-e-type=\"widget\" data-widget_type=\"text-editor.default\">\n\t\t\t\t<div class=\"elementor-widget-container\">\n\t\t\t\t\t\t\t\t\t<p><strong>red notes<\/strong><\/p><p>Cr\u00e9\u00e9 en 1977 \u00e0 Halifax au Canada pour des \u00e9tudiants des Beaux\u00ad Arts, puis en 1978 pour la compagnie Andy de Groat and Dancers, <em>Red Notes<\/em> deviendra un ballet embl\u00e9matique du travail d\u2019Andy. <br \/>Il donnera d\u2019ailleurs ce nom de \u00ab Red Notes \u00bb \u00e0 la compagnie qu\u2019il cr\u00e9era lors de son installation en France.<br \/>Sur des textes de Gertrude Stein et une musique de Philip Glass, ce ballet est un monument de la danse non \u00adnarrative de la p\u00e9riode dite <a title=\"P\u00e9riode postmoderne\" href=\"https:\/\/olivierclarge.wixsite.com\/andy-de-groat\/presentation-post-modern-dance\" target=\"_blank\" rel=\"noopener nofollow\">post\u00admoderne<\/a> ou <a href=\"https:\/\/www.kazoart.com\/blog\/5-choses-a-savoir-sur-le-minimalisme\/\" target=\"_blank\" rel=\"noopener nofollow\">minimaliste<\/a>.<br \/>Red Notes permet de faire danser ensemble des gens de tous \u00e2ges et de tous horizons.<br \/>L\u2019\u00e9criture de cette pi\u00e8ce allie une grande rigueur des comptes et de la structure avec une grande libert\u00e9 \u00e0 l\u2019int\u00e9rieur du cadre et m\u00eame des corps.<br \/>En 2022, Red Notes aura 45 ans et n\u2019aura pas \u00e9t\u00e9 remont\u00e9e depuis 20 ans, les derni\u00e8res reprises ayant eu lieu \u00e0 l\u2019Op\u00e9ra de Rouen et \u00e0 Odyssud Blagnac. Elles furent toutes deux riches de rencontres, d\u2019\u00e9changes et de m\u00e9lange entre amateurs et professionnels, jeunes et vieux, classiques et contemporains et elles suscit\u00e8rent de nombreuses vocations.<\/p>\t\t\t\t\t\t\t\t<\/div>\n\t\t\t\t<\/div>\n\t\t\t\t\t<\/div>\n\t\t<\/div>\n\t\t\t\t\t<\/div>\n\t\t<\/section>\n\t\t\t\t\t<\/div>\n\t\t<\/div>\n\t\t\t\t\t<\/div>\n\t\t<\/section>\n\t\t\t\t<section class=\"elementor-section elementor-top-section elementor-element elementor-element-6495168 elementor-section-full_width elementor-section-height-default elementor-section-height-default\" data-id=\"6495168\" data-element_type=\"section\" data-e-type=\"section\">\n\t\t\t\t\t\t<div class=\"elementor-container elementor-column-gap-default\">\n\t\t\t\t\t\t<\/div>\n\t\t<\/section>\n\t\t\t\t<section class=\"elementor-section elementor-top-section elementor-element elementor-element-598b1f1 elementor-section-boxed elementor-section-height-default elementor-section-height-default\" data-id=\"598b1f1\" data-element_type=\"section\" data-e-type=\"section\">\n\t\t\t\t\t\t<div class=\"elementor-container elementor-column-gap-default\">\n\t\t\t\t\t<div class=\"elementor-column elementor-col-100 elementor-top-column elementor-element elementor-element-63e3786\" data-id=\"63e3786\" data-element_type=\"column\" data-e-type=\"column\">\n\t\t\t<div class=\"elementor-widget-wrap elementor-element-populated\">\n\t\t\t\t\t\t<div class=\"elementor-element elementor-element-e87fe31 elementor-align-center e-transform elementor-widget elementor-widget-button\" data-id=\"e87fe31\" data-element_type=\"widget\" data-e-type=\"widget\" data-settings=\"{&quot;_transform_scale_effect&quot;:{&quot;unit&quot;:&quot;px&quot;,&quot;size&quot;:1,&quot;sizes&quot;:[]},&quot;_transform_scale_effect_tablet&quot;:{&quot;unit&quot;:&quot;px&quot;,&quot;size&quot;:&quot;&quot;,&quot;sizes&quot;:[]},&quot;_transform_scale_effect_mobile&quot;:{&quot;unit&quot;:&quot;px&quot;,&quot;size&quot;:&quot;&quot;,&quot;sizes&quot;:[]}}\" data-widget_type=\"button.default\">\n\t\t\t\t<div class=\"elementor-widget-container\">\n\t\t\t\t\t\t\t\t\t<div class=\"elementor-button-wrapper\">\n\t\t\t\t\t<a class=\"elementor-button elementor-button-link elementor-size-xs\" href=\"https:\/\/andydegroat.org\/ccinp\/presse\/\">\n\t\t\t\t\t\t<span class=\"elementor-button-content-wrapper\">\n\t\t\t\t\t\t\t\t\t<span class=\"elementor-button-text\">Presse 2022<\/span>\n\t\t\t\t\t<\/span>\n\t\t\t\t\t<\/a>\n\t\t\t\t<\/div>\n\t\t\t\t\t\t\t\t<\/div>\n\t\t\t\t<\/div>\n\t\t\t\t\t<\/div>\n\t\t<\/div>\n\t\t\t\t\t<\/div>\n\t\t<\/section>\n\t\t\t\t<section class=\"elementor-section elementor-top-section elementor-element elementor-element-13b78869 elementor-section-full_width elementor-section-stretched elementor-section-height-default elementor-section-height-default\" data-id=\"13b78869\" data-element_type=\"section\" data-e-type=\"section\" data-settings=\"{&quot;stretch_section&quot;:&quot;section-stretched&quot;}\">\n\t\t\t\t\t\t<div class=\"elementor-container elementor-column-gap-default\">\n\t\t\t\t\t<div class=\"elementor-column elementor-col-50 elementor-top-column elementor-element elementor-element-766d60a1\" data-id=\"766d60a1\" data-element_type=\"column\" data-e-type=\"column\">\n\t\t\t<div class=\"elementor-widget-wrap elementor-element-populated\">\n\t\t\t\t\t\t<div class=\"elementor-element elementor-element-b1f8296 elementor-widget elementor-widget-text-editor\" data-id=\"b1f8296\" data-element_type=\"widget\" data-e-type=\"widget\" data-widget_type=\"text-editor.default\">\n\t\t\t\t<div class=\"elementor-widget-container\">\n\t\t\t\t\t\t\t\t\t<p>Remonter r<strong>ed notes et fan dance<\/strong> aujourd\u2019hui a toujours du sens.<\/p><p>Parce qu\u2019elles parlent d\u2019une \u00e9poque importante de la danse contemporaine. Parce qu\u2019il faut faire ce travail de m\u00e9moire pour envisager l\u2019avenir. Parce que le monde n\u2019a pas chang\u00e9 de trajectoire depuis que <strong>Daniel Conrod<\/strong> a \u00e9crit dans le programme de salle, lors de la reprise de Red Notes \u00e0 l\u2019Op\u00e9ra de Rouen :<\/p>\t\t\t\t\t\t\t\t<\/div>\n\t\t\t\t<\/div>\n\t\t\t\t<div class=\"elementor-element elementor-element-2b642ad elementor-widget elementor-widget-text-editor\" data-id=\"2b642ad\" data-element_type=\"widget\" data-e-type=\"widget\" data-widget_type=\"text-editor.default\">\n\t\t\t\t<div class=\"elementor-widget-container\">\n\t\t\t\t\t\t\t\t\t<p>\u00a0<\/p><p><em>\u00ab Depuis mille neuf cent soixante \u00addix \u00adsept, des mondes se sont effondr\u00e9s, Murs de Berlin <\/em><em>en grand nombre et autres Sarajevo. Le train de l\u2019histoire passe aujourd\u2019hui sous nos <\/em><em>fen\u00eatres, comme il passerait sous notre nez, \u00e0 notre barbe. Ne sommes\u00ad-nous plus que <\/em><em>des t\u00e9moins ou des voyeurs ? Ici chez nous, dans ce pays qui n\u2019en est plus tout \u00e0 fait un <\/em><em>\u2013 je veux dire qu\u2019il n\u2019est plus un univers souverain, culturellement satisfaisant, <\/em><em>\u00e9conomiquement autosuffisant \u2013, les \u00e9lections se succ\u00e8dent, la gauche arrive aux <\/em><em>affaires, montre qu\u2019elle sait gouverner elle aussi, les politiques culturelles se construisent <\/em><em>et se d\u00e9construisent ? L\u2019\u00c9tat, de son c\u00f4t\u00e9, se retire avec soulagement ou l\u00e2chet\u00e9 tandis <\/em><em>que l\u2019argent devient notre ma\u00eetre le plus ordinaire\u2026\u00a0Et peu \u00e0 peu, comme si nous lui<\/em><br \/><em>avions \u00e9t\u00e9 livr\u00e9s sans appel, l\u2019imp\u00e9ratif \u00e9conomique s\u2019insinue dans nos t\u00eates, fabrique <\/em><em>nos pens\u00e9es, formate nos actes, trace les p\u00e9rim\u00e8tres, fa\u00e7onne nos peurs.<\/em><br \/><em>Le dire n\u2019est pas l\u2019emp\u00eacher. Le dire, c\u2019est le dire. Ce n\u2019est m\u00eame que cela.<\/em><\/p>\t\t\t\t\t\t\t\t<\/div>\n\t\t\t\t<\/div>\n\t\t\t\t<div class=\"elementor-element elementor-element-6a11565 elementor-widget elementor-widget-text-editor\" data-id=\"6a11565\" data-element_type=\"widget\" data-e-type=\"widget\" data-widget_type=\"text-editor.default\">\n\t\t\t\t<div class=\"elementor-widget-container\">\n\t\t\t\t\t\t\t\t\t<p>\u00ab\u00a0Andy\u00a0de\u00a0Groat,\u00a0une\u00a0histoire\u00a0post\u00a0moderne\u00a0\u00bb\u00a0qui incluait le ballet Red Notes a pu se r\u00e9aliser gr\u00e2ce au soutien du <strong>CN D<\/strong>, de<strong> Angers Nantes Op\u00e9ra<\/strong>, du <strong>CRR<\/strong> de Nantes, de la\u00a0 <strong>MC93<\/strong> de Bobigny, du <strong>CNDC<\/strong> d&rsquo;Angers et du <strong>CNN de Nantes\u00a0<\/strong><\/p><p>Le CCINP\u00a0\u00a0andy de groat est soutenu par la <strong>D.G.C.A.<\/strong> ainsi que par ses adh\u00e9rents et donateurs.<\/p><p><a title=\"Programme de Salle : Andy de Groat une histoire Post moderne\" href=\"https:\/\/ccinp.zaclys.cloud\/index.php\/s\/tXL3B3wFgKsiYTN\" target=\"_blank\" rel=\"noopener nofollow\"><strong>Programme de salle<\/strong><\/a><\/p>\t\t\t\t\t\t\t\t<\/div>\n\t\t\t\t<\/div>\n\t\t\t\t\t<\/div>\n\t\t<\/div>\n\t\t\t\t<div class=\"elementor-column elementor-col-50 elementor-top-column elementor-element elementor-element-1c578462\" data-id=\"1c578462\" data-element_type=\"column\" data-e-type=\"column\">\n\t\t\t<div class=\"elementor-widget-wrap elementor-element-populated\">\n\t\t\t\t\t\t<div class=\"elementor-element elementor-element-731d56d6 elementor-widget elementor-widget-text-editor\" data-id=\"731d56d6\" data-element_type=\"widget\" data-e-type=\"widget\" data-widget_type=\"text-editor.default\">\n\t\t\t\t<div class=\"elementor-widget-container\">\n\t\t\t\t\t\t\t\t\t<p><em>L\u2019ayant fait, il reste \u00e0 inventer autre chose, un autre monde [\u2026]<\/em><\/p>\n<p><em>Revoir aujourd\u2019hui Red Notes, revoir aujourd\u2019hui Fan Dance, c\u2019est remonter un peu de<\/em><em> ce temps qui nous a \u00e9chapp\u00e9, d\u00e9busquer quelques traces enfouies, traquer le fil<\/em><em> perdu. Non pas avec m\u00e9lancolie, mais avec la d\u00e9termination de chasseurs pacifiques. <\/em><em><strong>Marcher marcher marcher&#8230;<\/strong> \u00bb<\/em><\/p>\n<p><\/p>\n<p><gwmw style=\"display:none;\"><\/gwmw><\/p>\n<gwmw style=\"display:none;\"><\/gwmw>\t\t\t\t\t\t\t\t<\/div>\n\t\t\t\t<\/div>\n\t\t\t\t<div class=\"elementor-element elementor-element-9e260b2 elementor-widget elementor-widget-image\" data-id=\"9e260b2\" data-element_type=\"widget\" data-e-type=\"widget\" data-widget_type=\"image.default\">\n\t\t\t\t<div class=\"elementor-widget-container\">\n\t\t\t\t\t\t\t\t\t\t\t\t<figure class=\"wp-caption\">\n\t\t\t\t\t\t\t\t\t\t<img fetchpriority=\"high\" decoding=\"async\" width=\"1024\" height=\"576\" src=\"https:\/\/andydegroat.org\/ccinp\/wp-content\/uploads\/2024\/07\/Red-Notes-Andy-De-Groat-credit-photo-Jean-Marie-Jagu-1-1-1024x576.jpg\" class=\"attachment-large size-large wp-image-3966\" alt=\"\" srcset=\"https:\/\/andydegroat.org\/ccinp\/wp-content\/uploads\/2024\/07\/Red-Notes-Andy-De-Groat-credit-photo-Jean-Marie-Jagu-1-1-1024x576.jpg 1024w, https:\/\/andydegroat.org\/ccinp\/wp-content\/uploads\/2024\/07\/Red-Notes-Andy-De-Groat-credit-photo-Jean-Marie-Jagu-1-1-300x169.jpg 300w, https:\/\/andydegroat.org\/ccinp\/wp-content\/uploads\/2024\/07\/Red-Notes-Andy-De-Groat-credit-photo-Jean-Marie-Jagu-1-1-768x432.jpg 768w, https:\/\/andydegroat.org\/ccinp\/wp-content\/uploads\/2024\/07\/Red-Notes-Andy-De-Groat-credit-photo-Jean-Marie-Jagu-1-1-1536x864.jpg 1536w, https:\/\/andydegroat.org\/ccinp\/wp-content\/uploads\/2024\/07\/Red-Notes-Andy-De-Groat-credit-photo-Jean-Marie-Jagu-1-1-2048x1152.jpg 2048w\" sizes=\"(max-width: 1024px) 100vw, 1024px\" \/>\t\t\t\t\t\t\t\t\t\t\t<figcaption class=\"widget-image-caption wp-caption-text\">Red Notes 2022         \u00a9 Jean-Marie Jagu<\/figcaption>\n\t\t\t\t\t\t\t\t\t\t<\/figure>\n\t\t\t\t\t\t\t\t\t<\/div>\n\t\t\t\t<\/div>\n\t\t\t\t\t<\/div>\n\t\t<\/div>\n\t\t\t\t\t<\/div>\n\t\t<\/section>\n\t\t\t\t<section class=\"elementor-section elementor-top-section elementor-element elementor-element-8fa34fd elementor-section-boxed elementor-section-height-default elementor-section-height-default\" data-id=\"8fa34fd\" data-element_type=\"section\" data-e-type=\"section\">\n\t\t\t\t\t\t<div class=\"elementor-container elementor-column-gap-default\">\n\t\t\t\t\t<div class=\"elementor-column elementor-col-100 elementor-top-column elementor-element elementor-element-6158ec9\" data-id=\"6158ec9\" data-element_type=\"column\" data-e-type=\"column\">\n\t\t\t<div class=\"elementor-widget-wrap elementor-element-populated\">\n\t\t\t\t\t\t<div class=\"elementor-element elementor-element-b69f875 elementor-align-center elementor-widget elementor-widget-button\" data-id=\"b69f875\" data-element_type=\"widget\" data-e-type=\"widget\" data-widget_type=\"button.default\">\n\t\t\t\t<div class=\"elementor-widget-container\">\n\t\t\t\t\t\t\t\t\t<div class=\"elementor-button-wrapper\">\n\t\t\t\t\t<a class=\"elementor-button elementor-button-link elementor-size-xs\" href=\"https:\/\/www.numeridanse.tv\/dance-videotheque?type=piece&#038;id=293070&#038;label=Andy%20De%20Groat,%20une%20histoire%20post-moderne&#038;offset=0&#038;limit=12&#038;ressource=*&#038;date=*&#038;country=*&#038;contributor=*&#038;format=*&#038;geo=*&#038;sort=date&#038;collection=\" target=\"_blank\" rel=\"nofollow noopener\">\n\t\t\t\t\t\t<span class=\"elementor-button-content-wrapper\">\n\t\t\t\t\t\t\t\t\t<span class=\"elementor-button-text\">Red Notes en image<\/span>\n\t\t\t\t\t<\/span>\n\t\t\t\t\t<\/a>\n\t\t\t\t<\/div>\n\t\t\t\t\t\t\t\t<\/div>\n\t\t\t\t<\/div>\n\t\t\t\t\t<\/div>\n\t\t<\/div>\n\t\t\t\t\t<\/div>\n\t\t<\/section>\n\t\t\t\t<\/div>\n\t\t","protected":false},"excerpt":{"rendered":"<p>red notes \u00a9 fran\u00e7ois lefebvre &#8211; remix ccinp red notes Cr\u00e9\u00e9 en 1977 \u00e0 Halifax au Canada pour des \u00e9tudiants des Beaux\u00ad Arts, puis en 1978 pour la compagnie Andy [&hellip;]<\/p>\n","protected":false},"author":1,"featured_media":0,"parent":0,"menu_order":0,"comment_status":"closed","ping_status":"closed","template":"","meta":{"_uag_custom_page_level_css":"","_monsterinsights_skip_tracking":false,"_monsterinsights_sitenote_active":false,"_monsterinsights_sitenote_note":"","_monsterinsights_sitenote_category":0,"site-sidebar-layout":"no-sidebar","site-content-layout":"page-builder","ast-site-content-layout":"default","site-content-style":"default","site-sidebar-style":"default","ast-global-header-display":"","ast-banner-title-visibility":"","ast-main-header-display":"","ast-hfb-above-header-display":"","ast-hfb-below-header-display":"","ast-hfb-mobile-header-display":"","site-post-title":"disabled","ast-breadcrumbs-content":"","ast-featured-img":"disabled","footer-sml-layout":"","ast-disable-related-posts":"","theme-transparent-header-meta":"","adv-header-id-meta":"","stick-header-meta":"","header-above-stick-meta":"","header-main-stick-meta":"","header-below-stick-meta":"","astra-migrate-meta-layouts":"default","ast-page-background-enabled":"default","ast-page-background-meta":{"desktop":{"background-color":"var(--ast-global-color-4)","background-image":"","background-repeat":"repeat","background-position":"center center","background-size":"auto","background-attachment":"scroll","background-type":"","background-media":"","overlay-type":"","overlay-color":"","overlay-opacity":"","overlay-gradient":""},"tablet":{"background-color":"","background-image":"","background-repeat":"repeat","background-position":"center center","background-size":"auto","background-attachment":"scroll","background-type":"","background-media":"","overlay-type":"","overlay-color":"","overlay-opacity":"","overlay-gradient":""},"mobile":{"background-color":"","background-image":"","background-repeat":"repeat","background-position":"center center","background-size":"auto","background-attachment":"scroll","background-type":"","background-media":"","overlay-type":"","overlay-color":"","overlay-opacity":"","overlay-gradient":""}},"ast-content-background-meta":{"desktop":{"background-color":"var(--ast-global-color-5)","background-image":"","background-repeat":"repeat","background-position":"center center","background-size":"auto","background-attachment":"scroll","background-type":"","background-media":"","overlay-type":"","overlay-color":"","overlay-opacity":"","overlay-gradient":""},"tablet":{"background-color":"var(--ast-global-color-5)","background-image":"","background-repeat":"repeat","background-position":"center center","background-size":"auto","background-attachment":"scroll","background-type":"","background-media":"","overlay-type":"","overlay-color":"","overlay-opacity":"","overlay-gradient":""},"mobile":{"background-color":"var(--ast-global-color-5)","background-image":"","background-repeat":"repeat","background-position":"center center","background-size":"auto","background-attachment":"scroll","background-type":"","background-media":"","overlay-type":"","overlay-color":"","overlay-opacity":"","overlay-gradient":""}},"footnotes":""},"class_list":["post-2504","page","type-page","status-publish","hentry"],"uagb_featured_image_src":{"full":false,"thumbnail":false,"medium":false,"medium_large":false,"large":false,"1536x1536":false,"2048x2048":false},"uagb_author_info":{"display_name":"admin","author_link":"https:\/\/andydegroat.org\/ccinp\/author\/admin\/"},"uagb_comment_info":0,"uagb_excerpt":"red notes \u00a9 fran\u00e7ois lefebvre &#8211; remix ccinp red notes Cr\u00e9\u00e9 en 1977 \u00e0 Halifax au Canada pour des \u00e9tudiants des Beaux\u00ad Arts, puis en 1978 pour la compagnie Andy [&hellip;]","_links":{"self":[{"href":"https:\/\/andydegroat.org\/ccinp\/wp-json\/wp\/v2\/pages\/2504","targetHints":{"allow":["GET"]}}],"collection":[{"href":"https:\/\/andydegroat.org\/ccinp\/wp-json\/wp\/v2\/pages"}],"about":[{"href":"https:\/\/andydegroat.org\/ccinp\/wp-json\/wp\/v2\/types\/page"}],"author":[{"embeddable":true,"href":"https:\/\/andydegroat.org\/ccinp\/wp-json\/wp\/v2\/users\/1"}],"replies":[{"embeddable":true,"href":"https:\/\/andydegroat.org\/ccinp\/wp-json\/wp\/v2\/comments?post=2504"}],"version-history":[{"count":175,"href":"https:\/\/andydegroat.org\/ccinp\/wp-json\/wp\/v2\/pages\/2504\/revisions"}],"predecessor-version":[{"id":4051,"href":"https:\/\/andydegroat.org\/ccinp\/wp-json\/wp\/v2\/pages\/2504\/revisions\/4051"}],"wp:attachment":[{"href":"https:\/\/andydegroat.org\/ccinp\/wp-json\/wp\/v2\/media?parent=2504"}],"curies":[{"name":"wp","href":"https:\/\/api.w.org\/{rel}","templated":true}]}}