{"id":2034,"date":"2021-10-30T08:56:17","date_gmt":"2021-10-30T08:56:17","guid":{"rendered":"https:\/\/andydegroat.org\/ccinp\/?page_id=2034"},"modified":"2026-02-10T14:57:29","modified_gmt":"2026-02-10T14:57:29","slug":"andydegroat-par-daniel-larrieu-2","status":"publish","type":"page","link":"https:\/\/andydegroat.org\/ccinp\/andydegroat-par-daniel-larrieu-2\/","title":{"rendered":"andy de groat par daniel larrieu"},"content":{"rendered":"\t\t<div data-elementor-type=\"wp-page\" data-elementor-id=\"2034\" class=\"elementor elementor-2034\">\n\t\t\t\t\t\t<section class=\"elementor-section elementor-top-section elementor-element elementor-element-f761998 elementor-section-full_width elementor-section-height-default elementor-section-height-default\" data-id=\"f761998\" data-element_type=\"section\" data-e-type=\"section\">\n\t\t\t\t\t\t<div class=\"elementor-container elementor-column-gap-default\">\n\t\t\t\t\t<div class=\"elementor-column elementor-col-100 elementor-top-column elementor-element elementor-element-2fda5d3\" data-id=\"2fda5d3\" data-element_type=\"column\" data-e-type=\"column\">\n\t\t\t<div class=\"elementor-widget-wrap elementor-element-populated\">\n\t\t\t\t\t\t<div class=\"elementor-element elementor-element-ff2bf24 elementor-widget elementor-widget-heading\" data-id=\"ff2bf24\" data-element_type=\"widget\" data-e-type=\"widget\" data-widget_type=\"heading.default\">\n\t\t\t\t<div class=\"elementor-widget-container\">\n\t\t\t\t\t<h2 class=\"elementor-heading-title elementor-size-default\">andy de groat par daniel larrieu<\/h2>\t\t\t\t<\/div>\n\t\t\t\t<\/div>\n\t\t\t\t\t<\/div>\n\t\t<\/div>\n\t\t\t\t\t<\/div>\n\t\t<\/section>\n\t\t\t\t<section class=\"elementor-section elementor-top-section elementor-element elementor-element-2266ebc9 elementor-section-full_width elementor-section-stretched elementor-section-height-default elementor-section-height-default\" data-id=\"2266ebc9\" data-element_type=\"section\" data-e-type=\"section\" data-settings=\"{&quot;stretch_section&quot;:&quot;section-stretched&quot;}\">\n\t\t\t\t\t\t<div class=\"elementor-container elementor-column-gap-default\">\n\t\t\t\t\t<div class=\"elementor-column elementor-col-100 elementor-top-column elementor-element elementor-element-4e9f04cf\" data-id=\"4e9f04cf\" data-element_type=\"column\" data-e-type=\"column\">\n\t\t\t<div class=\"elementor-widget-wrap elementor-element-populated\">\n\t\t\t\t\t\t<section class=\"elementor-section elementor-inner-section elementor-element elementor-element-41a6fb2 elementor-section-full_width elementor-section-height-default elementor-section-height-default\" data-id=\"41a6fb2\" data-element_type=\"section\" data-e-type=\"section\">\n\t\t\t\t\t\t<div class=\"elementor-container elementor-column-gap-default\">\n\t\t\t\t\t<div class=\"elementor-column elementor-col-50 elementor-inner-column elementor-element elementor-element-112970f2\" data-id=\"112970f2\" data-element_type=\"column\" data-e-type=\"column\">\n\t\t\t<div class=\"elementor-widget-wrap elementor-element-populated\">\n\t\t\t\t\t\t<div class=\"elementor-element elementor-element-1e5691d0 elementor-widget elementor-widget-image\" data-id=\"1e5691d0\" data-element_type=\"widget\" data-e-type=\"widget\" data-widget_type=\"image.default\">\n\t\t\t\t<div class=\"elementor-widget-container\">\n\t\t\t\t\t\t\t\t\t\t\t\t<figure class=\"wp-caption\">\n\t\t\t\t\t\t\t\t\t\t<img fetchpriority=\"high\" decoding=\"async\" width=\"768\" height=\"643\" src=\"https:\/\/andydegroat.org\/ccinp\/wp-content\/uploads\/2021\/07\/12-1980s7-Andy-Degroat-768x643.jpg\" class=\"attachment-medium_large size-medium_large wp-image-491\" alt=\"andy de groat - daniel larrieu\" srcset=\"https:\/\/andydegroat.org\/ccinp\/wp-content\/uploads\/2021\/07\/12-1980s7-Andy-Degroat-768x643.jpg 768w, https:\/\/andydegroat.org\/ccinp\/wp-content\/uploads\/2021\/07\/12-1980s7-Andy-Degroat-300x251.jpg 300w, https:\/\/andydegroat.org\/ccinp\/wp-content\/uploads\/2021\/07\/12-1980s7-Andy-Degroat-1024x858.jpg 1024w, https:\/\/andydegroat.org\/ccinp\/wp-content\/uploads\/2021\/07\/12-1980s7-Andy-Degroat-1536x1287.jpg 1536w, https:\/\/andydegroat.org\/ccinp\/wp-content\/uploads\/2021\/07\/12-1980s7-Andy-Degroat.jpg 1700w\" sizes=\"(max-width: 768px) 100vw, 768px\" \/>\t\t\t\t\t\t\t\t\t\t\t<figcaption class=\"widget-image-caption wp-caption-text\">\u00a9 alain le hors<\/figcaption>\n\t\t\t\t\t\t\t\t\t\t<\/figure>\n\t\t\t\t\t\t\t\t\t<\/div>\n\t\t\t\t<\/div>\n\t\t\t\t\t<\/div>\n\t\t<\/div>\n\t\t\t\t<div class=\"elementor-column elementor-col-50 elementor-inner-column elementor-element elementor-element-6aad678e\" data-id=\"6aad678e\" data-element_type=\"column\" data-e-type=\"column\">\n\t\t\t<div class=\"elementor-widget-wrap elementor-element-populated\">\n\t\t\t\t\t\t<div class=\"elementor-element elementor-element-2fa426b4 elementor-widget elementor-widget-text-editor\" data-id=\"2fa426b4\" data-element_type=\"widget\" data-e-type=\"widget\" data-widget_type=\"text-editor.default\">\n\t\t\t\t<div class=\"elementor-widget-container\">\n\t\t\t\t\t\t\t\t\t<h2 class=\"p3\">Andy de Groat<\/h2><p class=\"p3\">se prom\u00e8ne dans la m\u00e9moire du jeune homme que j\u2019\u00e9tais quand j\u2019ai vu pour la premi\u00e8re fois en 1978 \u00e0 Nice un dr\u00f4le de spectacle ou les dimensions, plastique, relationnelle, visuelle, m\u2019envoyaient sur une nouvelle plan\u00e8te po\u00e9tique et inventive de la danse contemporaine. Cette libert\u00e9 d\u2019\u00e9criture, de relation \u00e0 la musique, marquera mes jeunes ann\u00e9es \u00e0 Paris, puis j\u2019ai rencontr\u00e9 Andy, souvent, et garde une infinie tendresse et un grand respect pour l\u2019homme et son travail.<\/p><p class=\"p3\">Dompteur d\u00e9cal\u00e9, sauvage lui-m\u00eame, son \u0153uvre tisse, twiste, noue hors du pouvoir, les forces, les puissances de l\u2019action par la danse !<\/p><p class=\"p3\">Mouvement d\u2019un \u00e9ventail, d\u2019une guinde, d\u2019un pas, la l\u00e9g\u00e8ret\u00e9 d\u2019une \u0153uvre qui ne demandait qu\u2019une consid\u00e9ration \u00e0 venir, un promeneur, po\u00e8te, presque de nulle part. Si proche.<\/p>\t\t\t\t\t\t\t\t<\/div>\n\t\t\t\t<\/div>\n\t\t\t\t<div class=\"elementor-element elementor-element-299867e6 elementor-widget elementor-widget-text-editor\" data-id=\"299867e6\" data-element_type=\"widget\" data-e-type=\"widget\" data-widget_type=\"text-editor.default\">\n\t\t\t\t<div class=\"elementor-widget-container\">\n\t\t\t\t\t\t\t\t\t<p class=\"p1\">mot de <a href=\"https:\/\/www.collectiondaniellarrieu.com\/\" target=\"_blank\" rel=\"noopener nofollow\">Daniel Larrieu<\/a><\/p><p class=\"p1\">pr\u00e9sident d\u2019honneur du C.C.I.N.P. &#8211; andy de groat<\/p>\t\t\t\t\t\t\t\t<\/div>\n\t\t\t\t<\/div>\n\t\t\t\t<div class=\"elementor-element elementor-element-bb9746c elementor-align-right elementor-widget elementor-widget-button\" data-id=\"bb9746c\" data-element_type=\"widget\" data-e-type=\"widget\" data-widget_type=\"button.default\">\n\t\t\t\t<div class=\"elementor-widget-container\">\n\t\t\t\t\t\t\t\t\t<div class=\"elementor-button-wrapper\">\n\t\t\t\t\t<a class=\"elementor-button elementor-button-link elementor-size-sm\" href=\"https:\/\/andydegroat.org\/ccinp\/biographies\/\">\n\t\t\t\t\t\t<span class=\"elementor-button-content-wrapper\">\n\t\t\t\t\t\t\t\t\t<span class=\"elementor-button-text\">Retour au sommaire<\/span>\n\t\t\t\t\t<\/span>\n\t\t\t\t\t<\/a>\n\t\t\t\t<\/div>\n\t\t\t\t\t\t\t\t<\/div>\n\t\t\t\t<\/div>\n\t\t\t\t\t<\/div>\n\t\t<\/div>\n\t\t\t\t\t<\/div>\n\t\t<\/section>\n\t\t\t\t\t<\/div>\n\t\t<\/div>\n\t\t\t\t\t<\/div>\n\t\t<\/section>\n\t\t\t\t<\/div>\n\t\t","protected":false},"excerpt":{"rendered":"<p>andy de groat par daniel larrieu \u00a9 alain le hors Andy de Groat se prom\u00e8ne dans la m\u00e9moire du jeune homme que j\u2019\u00e9tais quand j\u2019ai vu pour la premi\u00e8re fois [&hellip;]<\/p>\n","protected":false},"author":1,"featured_media":0,"parent":0,"menu_order":0,"comment_status":"closed","ping_status":"closed","template":"","meta":{"_uag_custom_page_level_css":"","_monsterinsights_skip_tracking":false,"_monsterinsights_sitenote_active":false,"_monsterinsights_sitenote_note":"","_monsterinsights_sitenote_category":0,"site-sidebar-layout":"no-sidebar","site-content-layout":"page-builder","ast-site-content-layout":"full-width-container","site-content-style":"unboxed","site-sidebar-style":"unboxed","ast-global-header-display":"","ast-banner-title-visibility":"","ast-main-header-display":"","ast-hfb-above-header-display":"","ast-hfb-below-header-display":"","ast-hfb-mobile-header-display":"","site-post-title":"disabled","ast-breadcrumbs-content":"","ast-featured-img":"disabled","footer-sml-layout":"","ast-disable-related-posts":"","theme-transparent-header-meta":"","adv-header-id-meta":"","stick-header-meta":"","header-above-stick-meta":"","header-main-stick-meta":"","header-below-stick-meta":"","astra-migrate-meta-layouts":"set","ast-page-background-enabled":"default","ast-page-background-meta":{"desktop":{"background-color":"var(--ast-global-color-4)","background-image":"","background-repeat":"repeat","background-position":"center center","background-size":"auto","background-attachment":"scroll","background-type":"","background-media":"","overlay-type":"","overlay-color":"","overlay-opacity":"","overlay-gradient":""},"tablet":{"background-color":"","background-image":"","background-repeat":"repeat","background-position":"center center","background-size":"auto","background-attachment":"scroll","background-type":"","background-media":"","overlay-type":"","overlay-color":"","overlay-opacity":"","overlay-gradient":""},"mobile":{"background-color":"","background-image":"","background-repeat":"repeat","background-position":"center center","background-size":"auto","background-attachment":"scroll","background-type":"","background-media":"","overlay-type":"","overlay-color":"","overlay-opacity":"","overlay-gradient":""}},"ast-content-background-meta":{"desktop":{"background-color":"var(--ast-global-color-5)","background-image":"","background-repeat":"repeat","background-position":"center center","background-size":"auto","background-attachment":"scroll","background-type":"","background-media":"","overlay-type":"","overlay-color":"","overlay-opacity":"","overlay-gradient":""},"tablet":{"background-color":"var(--ast-global-color-5)","background-image":"","background-repeat":"repeat","background-position":"center center","background-size":"auto","background-attachment":"scroll","background-type":"","background-media":"","overlay-type":"","overlay-color":"","overlay-opacity":"","overlay-gradient":""},"mobile":{"background-color":"var(--ast-global-color-5)","background-image":"","background-repeat":"repeat","background-position":"center center","background-size":"auto","background-attachment":"scroll","background-type":"","background-media":"","overlay-type":"","overlay-color":"","overlay-opacity":"","overlay-gradient":""}},"footnotes":""},"class_list":["post-2034","page","type-page","status-publish","hentry"],"uagb_featured_image_src":{"full":false,"thumbnail":false,"medium":false,"medium_large":false,"large":false,"1536x1536":false,"2048x2048":false},"uagb_author_info":{"display_name":"admin","author_link":"https:\/\/andydegroat.org\/ccinp\/author\/admin\/"},"uagb_comment_info":0,"uagb_excerpt":"andy de groat par daniel larrieu \u00a9 alain le hors Andy de Groat se prom\u00e8ne dans la m\u00e9moire du jeune homme que j\u2019\u00e9tais quand j\u2019ai vu pour la premi\u00e8re fois [&hellip;]","_links":{"self":[{"href":"https:\/\/andydegroat.org\/ccinp\/wp-json\/wp\/v2\/pages\/2034","targetHints":{"allow":["GET"]}}],"collection":[{"href":"https:\/\/andydegroat.org\/ccinp\/wp-json\/wp\/v2\/pages"}],"about":[{"href":"https:\/\/andydegroat.org\/ccinp\/wp-json\/wp\/v2\/types\/page"}],"author":[{"embeddable":true,"href":"https:\/\/andydegroat.org\/ccinp\/wp-json\/wp\/v2\/users\/1"}],"replies":[{"embeddable":true,"href":"https:\/\/andydegroat.org\/ccinp\/wp-json\/wp\/v2\/comments?post=2034"}],"version-history":[{"count":34,"href":"https:\/\/andydegroat.org\/ccinp\/wp-json\/wp\/v2\/pages\/2034\/revisions"}],"predecessor-version":[{"id":4195,"href":"https:\/\/andydegroat.org\/ccinp\/wp-json\/wp\/v2\/pages\/2034\/revisions\/4195"}],"wp:attachment":[{"href":"https:\/\/andydegroat.org\/ccinp\/wp-json\/wp\/v2\/media?parent=2034"}],"curies":[{"name":"wp","href":"https:\/\/api.w.org\/{rel}","templated":true}]}}